
True
Is 170625 a multiple of 35?
True
Is 17070 a multiple of 6?
True
Is 43 a factor of 91633?
True
Is 6 a factor of 2258970?
True
Is 215556 a multiple of 98?
False
Is 5919456 a multiple of 13?
False
Is 24 a factor of 1184654?
False
Does 26 divide 3906604?
True
Is 58800 a multiple of 336?
True
Is 13 a factor of 45611?
False
Is 3 a factor of 3659?
False
Does 247 divide 954762?
False
Is 1102380 a multiple of 50?
False
Does 120 divide 28320?
True
Does 16 divide 1037350?
False
Is 397 a factor of 385090?
True
Does 79 divide 1158930?
True
Is 313 a factor of 6803368?
True
Is 19 a factor of 390442?
False
Is 2999048 a multiple of 442?
False
Does 48 divide 115872?
True
Is 13 a factor of 2046993?
True
Is 18 a factor of 827802?
True
Does 40 divide 37148?
False
Is 1189160 a multiple of 310?
True
Is 2101991 a multiple of 23?
False
Is 810135 a multiple of 298?
False
Is 57 a factor of 1582803?
False
Is 51 a factor of 547630?
False
Does 110 divide 6155160?
True
Is 97 a factor of 33893?
False
Is 19978 a multiple of 24?
False
Is 491859 a multiple of 53?
False
Is 42772 a multiple of 34?
True
Is 314151 a multiple of 8?
False
Is 601152 a multiple of 31?
True
Is 180292 a multiple of 94?
True
Does 101 divide 119180?
True
Is 435455 a multiple of 109?
True
Is 141907 a multiple of 5?
False
Does 27 divide 109782?
True
Is 267 a factor of 7082652?
False
Does 82 divide 273962?
True
Is 111942 a multiple of 4?
False
Is 5 a factor of 457265?
True
Does 166 divide 92628?
True
Is 134314 a multiple of 131?
False
Is 11 a factor of 1114839?
True
Is 3599344 a multiple of 196?
True
Is 1487930 a multiple of 1654?
False
Does 84 divide 10409837?
False
Is 20 a factor of 218046?
False
Is 59 a factor of 35164?
True
Does 5 divide 165951?
False
Is 14 a factor of 10709624?
False
Is 1673296 a multiple of 184?
True
Is 10777652 a multiple of 675?
False
Is 87 a factor of 99441?
True
Does 5 divide 12446?
False
Is 20514 a multiple of 3?
True
Is 393 a factor of 527013?
True
Does 89 divide 187790?
True
Does 19 divide 831003?
True
Is 85767 a multiple of 113?
True
Is 4 a factor of 1942701?
False
Is 17 a factor of 2457979?
True
Is 216 a factor of 3488692?
False
Does 1374 divide 2945856?
True
Is 37 a factor of 1324526?
True
Is 8 a factor of 23774128?
True
Is 26 a factor of 8525270?
True
Is 79 a factor of 225782?
True
Is 154493 a multiple of 39?
False
Does 24 divide 615144?
True
Does 289 divide 2093805?
True
Is 10976868 a multiple of 1548?
True
Is 280172 a multiple of 110?
False
Is 11 a factor of 252681?
True
Does 1424 divide 17797858?
False
Is 84 a factor of 1150296?
True
Is 119 a factor of 5594428?
True
Does 1120 divide 3756285?
False
Is 7124956 a multiple of 78?
False
Is 136 a factor of 418744?
True
Is 253133 a multiple of 9?
False
Is 363222 a multiple of 166?
False
Is 3368069 a multiple of 106?
False
Does 14 divide 16333982?
True
Is 13422 a multiple of 252?
False
Does 17 divide 17504807?
False
Is 31 a factor of 3703198?
True
Does 217 divide 2314305?
True
Is 14 a factor of 295806?
True
Is 502 a factor of 10595212?
True
Does 46 divide 3942936?
True
Is 8622 even?
True
Does 11 divide 1617981?
False
Is 1297642 a multiple of 202?
False
Is 476 a factor of 1441242?
False
Does 20 divide 1936097?
False
Is 8 a factor of 65531?
False
Is 337 a factor of 18118?
False
Is 1078 a factor of 3175788?
True
Does 15 divide 20714061?
False
Does 46 divide 822204?
True
Is 1325585 a multiple of 914?
False
Is 127 a factor of 2324465?
False
Is 217672 a multiple of 161?
True
Is 66 a factor of 14635566?
True
Does 12 divide 4723824?
True
Does 462 divide 3024931?
False
Does 909 divide 9140904?
True
Is 1044324 a multiple of 18?
True
Is 1291528 a multiple of 148?
False
Is 8 a factor of 103250?
False
Does 26 divide 714420?
False
Is 33 a factor of 828531?
True
Is 161610 a multiple of 15?
True
Is 15 a factor of 4981211?
False
Does 46 divide 116628?
False
Is 923 a factor of 5866427?
False
Does 90 divide 362928?
False
Does 42 divide 115274?
False
Is 72062 a multiple of 274?
True
Does 9 divide 8128647?
True
Does 30 divide 169657?
False
Does 67 divide 10407163?
False
Is 9822 a multiple of 59?
False
Does 16 divide 479536?
True
Is 166161 a multiple of 18?
False
Is 22 a factor of 762234?
True
Is 11304 a multiple of 3?
True
Is 19 a factor of 12120?
False
Does 402 divide 6888672?
True
Is 2703675 a multiple of 295?
True
Is 226 a factor of 1054339?
False
Does 5 divide 127865?
True
Is 294112 a multiple of 10?
False
Is 142 a factor of 124634?
False
Does 98 divide 397782?
True
Is 169 a factor of 1166438?
True
Is 8 a factor of 1630285?
False
Is 996246 a multiple of 10?
False
Is 49 a factor of 22201379?
False
Does 51 divide 69327?
False
Does 56 divide 1517432?
True
Is 170311 a multiple of 37?
True
Is 101309 a multiple of 10?
False
Is 116 a factor of 6990160?
True
Does 241 divide 2863612?
False
Is 59804 a multiple of 6?
False
Is 98442 a multiple of 18?
True
Is 6 a factor of 209801?
False
Is 306 a factor of 2280924?
True
Does 3 divide 241483?
False
Does 14 divide 27062?
True
Is 7 a factor of 65526?
False
Is 137824 a multiple of 29?
False
Is 504792 a multiple of 41?
True
Is 61962 a multiple of 6?
True
Does 402 divide 222801?
False
Is 594828 a multiple of 468?
True
Is 172 a factor of 30788?
True
Is 118 a factor of 6225444?
True
Is 15 a factor of 10571?
False
Is 238557 a multiple of 1023?
False
Does 62 divide 850545?
False
Is 35 a factor of 113750?
True
Is 5379528 a multiple of 308?
True
Is 120 a factor of 466920?
True
Is 9073216 a multiple of 424?
False
Is 718809 a multiple of 21?
True
Is 15964 a multiple of 11?
False
Is 1647675 a multiple of 83?
False
Does 372 divide 120528?
True
Does 66 divide 8597688?
True
Is 236637 a multiple of 143?
False
Is 1436040 a multiple of 60?
True
Is 207 a factor of 7797854?
False
Is 1343137 a multiple of 37?
True
Is 262 a factor of 1102420?
False
Is 433 a factor of 2191817?
False
Does 63 divide 696925?
False
Is 14 a factor of 124237?
False
Does 38 divide 2130046?
False
Is 36 a factor of 223727?
False
Is 515661 a multiple of 2?
False
Is 294800 a multiple of 176?
True
Is 2403880 a multiple of 158?
False
Is 498940 a multiple of 380?
True
Is 15 a factor of 2337477?
False
Does 9 divide 1998913?
False
Does 14 divide 204835?
False
Does 34 divide 142052?
True
Is 556086 a multiple of 306?
False
Is 9 a factor of 12942954?
True
Is 376974 a multiple of 162?
True
Is 16 a factor of 166384?
True
Is 649 a factor of 4027?
False
Is 61770 a multiple of 15?
True
Is 1175068 a multiple of 6?
False
Is 5703720 a multiple of 24?
True
Is 673029 a multiple of 21?
True
Does 139 divide 14673?
False
Does 662 divide 3998480?
True
Is 278382 a multiple of 258?
True
Is 718509 a multiple of 11?
True
Is 51045 a multiple of 66?
False
Does 15 divide 40119?
False
Is 80350 a multiple of 5?
True
Is 9 a factor of 12057741?
True
Is 53492 a multiple of 2?
True
Does 18 divide 338487?
False
Is 10920 a multiple of 21?
True
Is 1715366 a multiple of 5?
False
Is 10794 a multiple of 6?
True
Is 109 a factor of 1664310?
False
Does 77 divide 16369790?
False
Does 23 divide 17899244?
True
Is 9523169 a multiple of 1519?
False
Is 178360 a multiple of 104?
True
Does 654 divide 4231380?
True
Does 73 divide 181777?
False
Is 29 a factor of 30399?
False
Is 238050 a multiple of 150?
True
Is 3 a factor of 1377840?
True
Is 85 a factor of 12491025?
False
Does 44 divide 307824?
True
Does 287 divide 985210?
False
Is 755 a factor of 4853933?
False
Is 12 a factor of 861838?
False
Is 82107 a multiple of 9?
True
Does 14 divide 109813?
False
Is 61 a factor of 55815?
True
Does 5 divide 156849?
False
Does 21 divide 346248?
True
Is 26558 a multiple of 7?
True
Is 977 a factor of 1364869?
True
Does 9 divide 8008094?
False
Is 30 a factor of 239010?
True
Is 4 a factor of 180458?
False
Is 1008701 a multiple of 490?
False
Is 8752547 a multiple of 617?
False
Is 16 a factor of 3530464?
True
Does 11 divide 96140?
True
Does 8 divide 163161?
False
Is 5 a factor of 135416?
False
Does 133 divide 136271?
False
Does 39 divide 90877?
False
Is 768597 a multiple of 3?
True
Is 5445104 a multiple of 14?
True
Is 236 a factor of 6407378?
False
Does 68 divide 335002?
False
Is 81481 a multiple of 33?
False
Is 40 a factor of 532560?
True
Does 112 divide 260512?
True
Is 9 a factor of 89586?
True
Is 756314 a multiple of 212?